 x?
1
Suppose 457*n + 76 = 476*n. Suppose -5*o - n*o = -3222. What is the tens digit of o?
5
What is the hundreds digit of 11425 - 2 - (-26 + 8)?
4
Suppose 0 = 2*p + g - 344, -p - 12 + 174 = -2*g. Suppose -860 = 5*l - p. Let d = -98 - l. What is the units digit of d?
0
Let u = -4594 - -9667. What is the units digit of u?
3
Suppose -3*b + 17 = 56*p - 54*p, 2*b - 8 = -2*p. What is the tens digit of 1668 - b/36*4?
6
What is the ten thousands digit of (-7)/(-9 - (-525)/50 - 5218/3478)?
2
Suppose -3*h + d + 3647 = -6696, -4*d - 6902 = -2*h. What is the hundreds digit of h?
4
Let f(d) = d**3 + 62*d**2 + 113*d - 4. What is the tens digit of f(-35)?
1
Let r(z) = z**3 + 19*z**2 + 12*z - 39. Suppose -4*q + 78 = v - q, -146 = -2*v - 4*q. Let i = v + -81. What is the units digit of r(i)?
9
Suppose -114*i + 838516 + 869546 = 0. What is the ten thousands digit of i?
1
Suppose -2*u + 28 = -4. Let q be (-100)/u + -2 - (-1)/4. Let w(k) = -k**2 - 23*k - 27. What is the units digit of w(q)?
3
Suppose 294 = 2*g - 12330. What is the thousands digit of g?
6
Suppose 0 = b + 3*w + 76, -w - 234 = 4*b + 59. Let c = 231 - b. What is the hundreds digit of c?
3
Let n(u) = 8*u - 12. Let w be n(3). Let b be w/(-2)*(-9)/27. Suppose -b*i = i - 774. What is the units digit of i?
8
Let r(l) = -3565*l + 623. What is the hundreds digit of r(-4)?
8
Let l = -5942 + 31832. Suppose 24*w - l = -6*w. What is the tens digit of w?
6
Let c = -38295 + 69360. What is the units digit of c?
5
Let w be -2 - ((-3855)/6)/(2/4). Let n = w + -760. What is the hundreds digit of n?
5
Let f(z) = 2*z**3 + 10*z**2 - 15*z - 15. Let r be f(-6). What is the tens digit of 5 - (-38 + -6 + r)?
4
Suppose -3*y = 3*u - 33, -y + 5*y + 3*u - 43 = 0. Suppose -20 = -5*m + y. Suppose -104 = -m*r + 10. What is the units digit of r?
9
Let t(f) = 380*f + 11691. What is the ten thousands digit of t(151)?
6
What is the units digit of (-590)/4*((-16)/2 - 11016/90)?
4
Let j(z) = -z**3 + 24*z**2 - 23*z + 1. Let f be j(23). What is the hundreds digit of 95*(-2 + f + -1 + 7)?
4
Let q(w) be the third derivative of w**4/6 - 13*w**3/3 - 9*w**2. Let g be q(8). Suppose 0 = -g*s + 9*s - 294. What is the units digit of s?
8
Suppose 4*s - 13046 = -2*k, 3*k + 9510 + 270 = 3*s. What is the thousands digit of s?
3
What is the hundreds digit of (-829288)/299*52/(-8)?
0
Suppose 11*b = -4*b + 20475. Suppose -695 = -o - 2*s, 5*o + s + b = 7*o. What is the tens digit of o?
8
Let x(w) be the first derivative of w**4/4 - 26*w**3/3 + 27*w**2/2 + 11*w - 68. What is the units digit of x(25)?
1
Suppose -1196423 = -100*p - 31*p. What is the tens digit of p?
3
Let h = -46 + 51. Let r(x) = 3 - 2 - h - 4*x + 7*x. What is the units digit of r(10)?
6
Let q be ((-4)/8)/((-2)/8). Suppose -2*g + 10 = g - q*y, g + 2*y = -2. Suppose -g*p = 4*n - 71 - 1, 2*p - 2*n = 90. What is the tens digit of p?
4
Let q(k) = -k**3 + 2*k**2 + 2*k. Let d(r) = -3*r**3 + 9*r**2 + 5*r + 22. Let p(x) = -d(x) + q(x). What is the tens digit of p(9)?
4
Let k = -25 + 20. Let i be 22/5 + 2/k. Suppose 4*d + 2*h + 49 = 517, h + 462 = i*d. What is the hundreds digit of d?
1
Let s(y) = 10*y**2 + 907*y + 226. What is the hundreds digit of s(-118)?
4
Suppose 616540 + 789085 = 25*f. What is the tens digit of f?
2
Let f be 2/4*-2 + 0 - -293. Suppose -g = l - f, -7*l - 890 = -10*l + 4*g. What is the units digit of l?
4
What is the thousands digit of 11 - (376544/(-21) + -7) - (-4)/(-6)?
7
Let u = 85795 + -43973. What is the units digit of u?
2
Let w be (2 - -1553)*3/15. Let k = 11 + w. What is the units digit of k?
2
What is the units digit of (390/20 + 10)/(1/634)?
3
Suppose 0 = 2*g - 5*d - 31205, -g - 15*d + 12*d + 15564 = 0. What is the tens digit of g?
8
Let k(b) be the first derivative of b**4/4 - 5*b**3/3 + 4*b**2 + 9*b - 959. Let s = -14 + 21. What is the units digit of k(s)?
3
Let m(x) = -x**2 - 12*x + 24. Let y be m(-13). Let n(k) = y - k + 3 + 3*k - k - k**2. What is the tens digit of n(0)?
1
Suppose 16*u = 6*u - 140. Let a be (-6)/(-8) + 2/16*u. Let t = a - -110. What is the units digit of t?
9
Let i(y) = y**3 - 26*y**2 - 114*y - 250. What is the units digit of i(35)?
5
Let w(t) = t - 8. Let i be w(-13). Let z be (i/98 + 4/(-14))*-90. What is the units digit of -5 + 235/z - 2300/(-18)?
8
Suppose -3*r + 0*r - 5*k = 20, 0 = 5*r - 4*k + 21. Let t be (-2)/(-3 - 13/r). Suppose t*c - 69 = 501. What is the hundreds digit of c?
1
Let l(g) = g**3 - 69*g**2 + 96*g - 427. What is the ten thousands digit of l(72)?
2
Let y be (7024/32)/(1 - 10/12). Let t = y - 411. What is the hundreds digit of t?
9
Let j = -16913 - -29922. What is the thousands digit of j?
3
Let v(c) = -59*c**3 - 7*c - 6. Let g(u) = -u**3 + 8*u**2 - 3*u - 30. Let j be g(7). What is the tens digit of v(j)?
8
Suppose 5520 = -25*l + 21*l - 4*o, 4*l = -5*o - 5521. Let t = -690 - l. What is the units digit of t?
9
Suppose -4*k - l + 52481 = 0, -29*k = -31*k + 4*l + 26236. Suppose k = 44*p + 272. What is the units digit of p?
2
Let i(u) be the third derivative of 0*u**4 + 5/3*u**3 + 0 - 44*u**2 + 1/15*u**5 + 0*u. What is the units digit of i(4)?
4
What is the hundreds digit of (-166762)/(-20) - -2 - (-154)/(-1540)?
3
Let r(a) = -113*a + 160. Let v be r(5). Let y = 504 + v. What is the tens digit of y?
9
Suppose 6*f + 217841 = 8*p + 9*f, -4*p = 3*f - 108913. What is the tens digit of p?
3
Suppose 751 = -3*x - 239. Suppose -5*t = -0*b - 2*b + 18, -4*t = 2*b. What is the tens digit of (b/(-6))/(5/x)?
4
Let m be (-2)/4*-12*2262/52. Suppose 3*n = 5*n + 16. What is the units digit of (m/(-36))/(2/n)?
9
Let h be 49/7 - 6 - (3 - 14). Suppose -252 = -30*m + h*m. What is the units digit of m?
4
Let x(w) be the first derivative of -w**3/3 + 49*w**2/2 - 54*w - 15. What is the units digit of x(37)?
0
Suppose 331086 = 23*k + 19*k. Suppose 14*h + 169 - k = 0. What is the hundreds digit of h?
5
Let i = -26 + -221. Let k = i - -384. What is the hundreds digit of k?
1
Let t = 75191 + -33106. What is the tens digit of t?
8
Let i(n) = n**3 - 5*n**2 - 44*n + 142. Let t be i(8). Let g(h) = -13*h - 3. Let f be g(-7). Let z = f + t. What is the units digit of z?
0
Let d = 1542 + -1538. Let b be -3*(-2 + 2/(-6)). Suppose -b*j + d*j = -462. What is the units digit of j?
4
Suppose -10*k + 7*k + 2*d - 672 = 0, 0 = -2*d. Let p = k + 369. What is the tens digit of p?
4
Let f(m) = -8*m**2 - 7*m + 10. Suppose 0 = 11*t - 10*t + 1. Let b(d) = -d**2 - d. Let o(a) = t*f(a) + 3*b(a). What is the units digit of o(3)?
7
Let c = 132602 + -88840. What is the ten thousands digit of c?
4
Let b(d) = -d + 3. Let m be b(-1). Suppose 2*k + 96 = -n + 859, -m*n - 4*k = -3044. What is the hundreds digit of n?
7
Let l = -56 + 58. Suppose 2*j + 18 = 7*j + 2*t, -2*j = l*t - 12. What is the units digit of -7*(2032/(-77) + j/(-11))?
6
Let y(s) = 23*s**2 - 4*s + 3. Let d be y(1). Suppose 2 - d = -5*h. Suppose 3*w - 204 = h*o, -6*o = 4*w - 2*o - 272. What is the units digit of w?
8
What is the tens digit of 6/(-10) - 12770076/(-1335)?
6
Let v(p) = -p**3 + p + 4168. Let z be v(0). Let a = -2580 + z. What is the tens digit of a?
8
Suppose -4*c - 318 = -10*c. Let z = -52 + c. What is the tens digit of ((-426)/18)/(z/(-3))?
7
Let w(h) = -10*h**3 - 4*h**2 + 6*h - 2. Let j be w(-4). Suppose -j = 39*n - 41*n. What is the hundreds digit of n?
2
Let r = 4290 - -3034. What is the hundreds digit of r?
3
Let p(s) = -8 - 9 - 110*s**2 - 9 + 118*s**2. What is the tens digit of p(11)?
4
Let n = 26 - 65. Let m be (5896/(-264))/((-1)/9). Let l = m + n. What is the hundreds digit of l?
1
Suppose -4*t = q - 2, 4*t + 4*q + 2 + 2 = 0. Let b = 13 + t. Let r(i) = -i**3 + 14*i**2 + 3*i + 19. What is the tens digit of r(b)?
6
Suppose 2*f + 34 = -5*r, 0*r + r = 4*f - 20. Let w be (-4)/r - 145/(-10). Let x(t) = t**2 - 10*t. What is the units digit of x(w)?
5
Let z(r) = 36*r - 4. Let n be z(-14). Let l = n + 590. What is the tens digit of l?
8
Let b = 15486 - -4349. What is the tens digit of b?
3
Let c(d) = -40*d**3 + d**2 + 1. Suppose -v = 2*v - 9, 3*q + 2*v - 3 = 0. Let n be c(q). Let o = 74 - n. What is the tens digit of o?
3
Let s be 10/(-4)*(29/(-5) - -5). Suppose -y - 94 = -2*l, s*l + 3*y - 84 = -y. What is the tens digit of l?
4
Let w = 19689 - -27229. What is the hundreds digit of w?
9
Let p(f) = -458*f*